{"id":110,"date":"2024-06-25T11:10:11","date_gmt":"2024-06-25T09:10:11","guid":{"rendered":"https:\/\/imcosmeticlab.com\/?page_id=110"},"modified":"2024-06-25T11:10:11","modified_gmt":"2024-06-25T09:10:11","slug":"nos-etudes","status":"publish","type":"page","link":"https:\/\/imcosmeticlab.com\/index.php\/nos-etudes\/","title":{"rendered":"Nos \u00e9tudes"},"content":{"rendered":"<ul class=\"wp-block-latest-posts__list is-grid columns-3 wp-block-latest-posts\"><li><div class=\"wp-block-latest-posts__featured-image\"><img loading=\"lazy\" decoding=\"async\" width=\"300\" height=\"300\" src=\"https:\/\/imcosmeticlab.com\/wp-content\/uploads\/2025\/03\/Les-polyphenols-300x300.png\" class=\"attachment-medium size-medium wp-post-image\" alt=\"\" style=\"\" srcset=\"https:\/\/imcosmeticlab.com\/wp-content\/uploads\/2025\/03\/Les-polyphenols-300x300.png 300w, https:\/\/imcosmeticlab.com\/wp-content\/uploads\/2025\/03\/Les-polyphenols-1024x1024.png 1024w, https:\/\/imcosmeticlab.com\/wp-content\/uploads\/2025\/03\/Les-polyphenols-150x150.png 150w, https:\/\/imcosmeticlab.com\/wp-content\/uploads\/2025\/03\/Les-polyphenols-768x768.png 768w, https:\/\/imcosmeticlab.com\/wp-content\/uploads\/2025\/03\/Les-polyphenols-100x100.png 100w, https:\/\/imcosmeticlab.com\/wp-content\/uploads\/2025\/03\/Les-polyphenols.png 1200w\" sizes=\"auto, 100vw\" \/><\/div><a class=\"wp-block-latest-posts__post-title\" href=\"https:\/\/imcosmeticlab.com\/index.php\/2025\/03\/08\/les-polyphenols-des-tresors-vegetaux-pour-la-sante-et-la-beaute\/\">Les Polyph\u00e9nols : Des Tr\u00e9sors V\u00e9g\u00e9taux pour la Sant\u00e9 et la Beaut\u00e9<\/a><div class=\"wp-block-latest-posts__post-excerpt\">Les polyph\u00e9nols sont devenus des incontournables en cosm\u00e9tique et en &hellip; <p class=\"link-more\"><a href=\"https:\/\/imcosmeticlab.com\/index.php\/2025\/03\/08\/les-polyphenols-des-tresors-vegetaux-pour-la-sante-et-la-beaute\/\" class=\"more-link\">Continuer la lecture<span class=\"screen-reader-text\"> de &laquo;&nbsp;Les Polyph\u00e9nols : Des Tr\u00e9sors V\u00e9g\u00e9taux pour la Sant\u00e9 et la Beaut\u00e9&nbsp;&raquo;<\/span><\/a><\/p><\/div><\/li>\n<li><div class=\"wp-block-latest-posts__featured-image\"><img loading=\"lazy\" decoding=\"async\" width=\"300\" height=\"300\" src=\"https:\/\/imcosmeticlab.com\/wp-content\/uploads\/2025\/02\/Bixa-orellana-1-300x300.png\" class=\"attachment-medium size-medium wp-post-image\" alt=\"Bixa Orellana ou le roucou\" style=\"\" srcset=\"https:\/\/imcosmeticlab.com\/wp-content\/uploads\/2025\/02\/Bixa-orellana-1-300x300.png 300w, https:\/\/imcosmeticlab.com\/wp-content\/uploads\/2025\/02\/Bixa-orellana-1-1024x1024.png 1024w, https:\/\/imcosmeticlab.com\/wp-content\/uploads\/2025\/02\/Bixa-orellana-1-150x150.png 150w, https:\/\/imcosmeticlab.com\/wp-content\/uploads\/2025\/02\/Bixa-orellana-1-768x768.png 768w, https:\/\/imcosmeticlab.com\/wp-content\/uploads\/2025\/02\/Bixa-orellana-1-100x100.png 100w, https:\/\/imcosmeticlab.com\/wp-content\/uploads\/2025\/02\/Bixa-orellana-1.png 1200w\" sizes=\"auto, 100vw\" \/><\/div><a class=\"wp-block-latest-posts__post-title\" href=\"https:\/\/imcosmeticlab.com\/index.php\/2025\/02\/10\/le-roucou-un-tresor-de-la-biodiversite-tropicale-au-service-de-la-cosmetique\/\">Le Roucou : Un Tr\u00e9sor de la Biodiversit\u00e9 Tropicale au Service de la Cosm\u00e9tique<\/a><div class=\"wp-block-latest-posts__post-excerpt\">Dans la qu\u00eate d&rsquo;ingr\u00e9dients naturels innovants, la biodiversit\u00e9 tropicale offre &hellip; <p class=\"link-more\"><a href=\"https:\/\/imcosmeticlab.com\/index.php\/2025\/02\/10\/le-roucou-un-tresor-de-la-biodiversite-tropicale-au-service-de-la-cosmetique\/\" class=\"more-link\">Continuer la lecture<span class=\"screen-reader-text\"> de &laquo;&nbsp;Le Roucou : Un Tr\u00e9sor de la Biodiversit\u00e9 Tropicale au Service de la Cosm\u00e9tique&nbsp;&raquo;<\/span><\/a><\/p><\/div><\/li>\n<li><div class=\"wp-block-latest-posts__featured-image\"><img loading=\"lazy\" decoding=\"async\" width=\"300\" height=\"300\" src=\"https:\/\/imcosmeticlab.com\/wp-content\/uploads\/2024\/09\/Magnolia-dodecapetala-1-300x300.png\" class=\"attachment-medium size-medium wp-post-image\" alt=\"\" style=\"\" srcset=\"https:\/\/imcosmeticlab.com\/wp-content\/uploads\/2024\/09\/Magnolia-dodecapetala-1-300x300.png 300w, https:\/\/imcosmeticlab.com\/wp-content\/uploads\/2024\/09\/Magnolia-dodecapetala-1-1024x1024.png 1024w, https:\/\/imcosmeticlab.com\/wp-content\/uploads\/2024\/09\/Magnolia-dodecapetala-1-150x150.png 150w, https:\/\/imcosmeticlab.com\/wp-content\/uploads\/2024\/09\/Magnolia-dodecapetala-1-768x768.png 768w, https:\/\/imcosmeticlab.com\/wp-content\/uploads\/2024\/09\/Magnolia-dodecapetala-1-100x100.png 100w, https:\/\/imcosmeticlab.com\/wp-content\/uploads\/2024\/09\/Magnolia-dodecapetala-1.png 1200w\" sizes=\"auto, 100vw\" \/><\/div><a class=\"wp-block-latest-posts__post-title\" href=\"https:\/\/imcosmeticlab.com\/index.php\/2024\/09\/20\/le-magnolia-dodecapetala-un-tresor-botanique-des-petites-antilles\/\">Le Magnolia dodecapetala, un tr\u00e9sor botanique des Petites Antilles<\/a><div class=\"wp-block-latest-posts__post-excerpt\">Le Magnolia dodecapetala, joyau rare des Petites Antilles, fascine par &hellip; <p class=\"link-more\"><a href=\"https:\/\/imcosmeticlab.com\/index.php\/2024\/09\/20\/le-magnolia-dodecapetala-un-tresor-botanique-des-petites-antilles\/\" class=\"more-link\">Continuer la lecture<span class=\"screen-reader-text\"> de &laquo;&nbsp;Le Magnolia dodecapetala, un tr\u00e9sor botanique des Petites Antilles&nbsp;&raquo;<\/span><\/a><\/p><\/div><\/li>\n<li><div class=\"wp-block-latest-posts__featured-image\"><img loading=\"lazy\" decoding=\"async\" width=\"300\" height=\"169\" src=\"https:\/\/imcosmeticlab.com\/wp-content\/uploads\/2024\/08\/3-e1724935963548-300x169.png\" class=\"attachment-medium size-medium wp-post-image\" alt=\"\" style=\"\" srcset=\"https:\/\/imcosmeticlab.com\/wp-content\/uploads\/2024\/08\/3-e1724935963548-300x169.png 300w, https:\/\/imcosmeticlab.com\/wp-content\/uploads\/2024\/08\/3-e1724935963548-1024x576.png 1024w, https:\/\/imcosmeticlab.com\/wp-content\/uploads\/2024\/08\/3-e1724935963548-768x432.png 768w, https:\/\/imcosmeticlab.com\/wp-content\/uploads\/2024\/08\/3-e1724935963548.png 1200w\" sizes=\"auto, 100vw\" \/><\/div><a class=\"wp-block-latest-posts__post-title\" href=\"https:\/\/imcosmeticlab.com\/index.php\/2024\/08\/29\/layapana-une-plante-medecinale-et-cosmetique-au-coeur-de-la-recherche-en-martinique-et-dans-les-caraibes\/\">L\u2019Ayapana : Une Plante M\u00e9decinale et Cosm\u00e9tique au C\u0153ur de la Recherche en Martinique et dans les Cara\u00efbes<\/a><div class=\"wp-block-latest-posts__post-excerpt\">L\u2019ayapana, \u00e9galement connue sous le nom scientifique Eupatorium triplinerve ou &hellip; <p class=\"link-more\"><a href=\"https:\/\/imcosmeticlab.com\/index.php\/2024\/08\/29\/layapana-une-plante-medecinale-et-cosmetique-au-coeur-de-la-recherche-en-martinique-et-dans-les-caraibes\/\" class=\"more-link\">Continuer la lecture<span class=\"screen-reader-text\"> de &laquo;&nbsp;L\u2019Ayapana : Une Plante M\u00e9decinale et Cosm\u00e9tique au C\u0153ur de la Recherche en Martinique et dans les Cara\u00efbes&nbsp;&raquo;<\/span><\/a><\/p><\/div><\/li>\n<\/ul>","protected":false},"excerpt":{"rendered":"","protected":false},"author":1,"featured_media":0,"parent":0,"menu_order":0,"comment_status":"closed","ping_status":"closed","template":"","meta":{"footnotes":""},"class_list":["post-110","page","type-page","status-publish","hentry"],"_links":{"self":[{"href":"https:\/\/imcosmeticlab.com\/index.php\/wp-json\/wp\/v2\/pages\/110","targetHints":{"allow":["GET"]}}],"collection":[{"href":"https:\/\/imcosmeticlab.com\/index.php\/wp-json\/wp\/v2\/pages"}],"about":[{"href":"https:\/\/imcosmeticlab.com\/index.php\/wp-json\/wp\/v2\/types\/page"}],"author":[{"embeddable":true,"href":"https:\/\/imcosmeticlab.com\/index.php\/wp-json\/wp\/v2\/users\/1"}],"replies":[{"embeddable":true,"href":"https:\/\/imcosmeticlab.com\/index.php\/wp-json\/wp\/v2\/comments?post=110"}],"version-history":[{"count":1,"href":"https:\/\/imcosmeticlab.com\/index.php\/wp-json\/wp\/v2\/pages\/110\/revisions"}],"predecessor-version":[{"id":111,"href":"https:\/\/imcosmeticlab.com\/index.php\/wp-json\/wp\/v2\/pages\/110\/revisions\/111"}],"wp:attachment":[{"href":"https:\/\/imcosmeticlab.com\/index.php\/wp-json\/wp\/v2\/media?parent=110"}],"curies":[{"name":"wp","href":"https:\/\/api.w.org\/{rel}","templated":true}]}}